 the greatest common factor of b and 7?
7
Suppose 3*z = 6, n - 8*z - 104 = -9*z. Let d = 123 - n. Calculate the greatest common divisor of 147 and d.
21
Suppose 0 = -l - 789 + 859. Suppose -4*z + 20 = -4. Suppose 3*a = z, -2*v - 4*a + a + l = 0. What is the highest common divisor of v and 8?
8
Let q = -332 - -486. Let f be (-4*(-24)/(-32))/((-21)/3773). What is the greatest common factor of q and f?
77
Suppose u = 5*t + 1168, 5*t = -2*u + 52 + 2209. Calculate the greatest common factor of 18 and u.
9
Let a be (-4)/1 + 15 + -4. Let y(f) = f**3 - 2*f**2 + f - 14. Let m be y(a). Let j = -55 + 89. What is the highest common factor of j and m?
34
Suppose 8*k + 923 = 979. Suppose 0 = -5*s - 5*h + 125, 3*s = h - k + 102. Calculate the highest common divisor of 1230 and s.
30
Let s be (-1 - 6/9)/(185/(-34410)). Calculate the highest common divisor of s and 434.
62
Let d be -4*4/(32/(-10)). Suppose a = 2*t, 3*a + a - 3*t + d = 0. Let w be (-1)/5*a*9*5. What is the greatest common divisor of w and 18?
18
Let j(o) = 10*o**2 + 17*o + 3. Let w be j(-3). Let t be (26/6 - -1)/(w/441). Calculate the highest common factor of t and 8.
8
Let y(o) = o**2 + 16*o - 34. Let m be y(-18). Let g be m + (-160)/(4/(-1)). Suppose g = 5*b - 28. What is the highest common divisor of 70 and b?
14
Let u(l) = -l**3 - 53*l**2 - 61*l - 463. Let w be u(-52). Calculate the highest common divisor of 2395 and w.
5
Let l be -3 - 40/12*-6. Suppose 15*h - 185 = -5*u + l*h, 155 = 5*u + 4*h. Calculate the highest common factor of 7 and u.
7
Let f(w) = -2*w + 4119. Let b be f(131). What is the greatest common factor of b and 152?
19
Let w(c) = 10*c**2 - 47*c + 296. Let x(t) = -7*t**2 + 31*t - 197. Let g(z) = 5*w(z) + 7*x(z). Let o be g(19). Calculate the greatest common divisor of 45 and o.
15
Suppose -5*u + 908 = 4*b, 2*u + 2*b + 1708 = 2072. Calculate the greatest common factor of 972 and u.
36
Let m(k) = -5*k - 38. Let b be m(-8). Suppose 291 = b*h + 115. Calculate the highest common divisor of h and 33.
11
Let i be -1 - (-5)/11 - (22536/792 - 45). Calculate the highest common divisor of 5144 and i.
8
Suppose 63*q = 2307 - 417. Let n = 148 - 73. What is the highest common factor of q and n?
15
Let m = -912 + 492. Let t be (-18300)/m + (-3)/(-7)*1. What is the greatest common factor of 11 and t?
11
Let s(l) = -35*l + 982. Let v be s(23). Calculate the greatest common factor of 118 and v.
59
Let v be 1/1*6 + 9 + -12. Let t = 29 - v. What is the highest common divisor of 338 and t?
26
Suppose -22*m + 1309 = -187. Let l be 6/(6 - m/12). What is the highest common factor of l and 153?
9
Let v(h) = h**2 - 43*h + 988. Let r be v(20). Calculate the greatest common divisor of r and 864.
48
Let v(n) = 2*n**2 - 14*n + 123. Let x be v(-7). Calculate the highest common divisor of 841 and x.
29
Let m(p) = 3*p**2 - 51*p - 43. Let n be m(18). What is the greatest common divisor of 3773 and n?
11
Let r = -6 + 9. Suppose -174 - 56 = -5*o. Let g = -44 + o. Calculate the highest common factor of g and r.
1
Let v(t) = t**2 + 3*t + 792. Let m be v(-46). What is the greatest common factor of m and 20?
10
Let l = -1203 + 1357. Calculate the greatest common factor of 5698 and l.
154
Let h be ((-117)/(-26))/((-2)/(-4)). Suppose h*y = 3*y + 78. Calculate the highest common divisor of 559 and y.
13
Let j(c) = 9*c**2 - 3*c**3 + 2*c**3 - 7 - 6*c + 2 + c**2. Let t be j(8). Let o = 104 - 89. Calculate the highest common factor of t and o.
15
Suppose -5*t + 384 = 104. Suppose -11 = -6*m - 5. Let n be ((-4)/(-5))/m*10. What is the highest common divisor of n and t?
8
Let h be (-3044)/(-18) - (-264)/(-2376). Calculate the greatest common divisor of 2197 and h.
169
Let o(i) = 35*i**2 + 94*i + 3. Let q be o(-3). What is the greatest common factor of 1128 and q?
12
Suppose -60 = -q - 63, -3*q + 43 = 4*k. Calculate the greatest common divisor of k and 1443.
13
Suppose 5723 = 599*n + 332. Suppose r + 4*r - 360 = 0. What is the highest common factor of r and n?
9
Suppose -259*p = -247*p - 25500. Calculate the greatest common factor of 935 and p.
85
Suppose -40 = w - 6*w. Suppose -w*v + 260 = -3*v. Calculate the greatest common divisor of 65 and v.
13
Suppose -7*a + 22 = 1. Suppose 0 = -2*x, -a*m + 0*x + 783 = 2*x. What is the highest common factor of m and 348?
87
Suppose 5*m = x + m - 54, -4*m - 216 = -4*x. Suppose -66*f = -x*f - 36. What is the highest common divisor of f and 24?
3
Let p be 326184/108 + 4 - (-6)/(-27). What is the greatest common divisor of p and 720?
144
Let g(m) = -138*m**2 + 1521*m + 17. Let i be g(11). Calculate the greatest common factor of 29950 and i.
50
Let y(g) = 5*g + 28. Let c be y(-5). Let d = -25 + 40. Suppose 3*m - 48 = d. Calculate the greatest common factor of c and m.
3
Suppose z - 10 = l, 0 = -5*z + 2*l - 0*l + 59. Suppose 0 = z*p - 10*p + 408. Let d = p - -255. Calculate the greatest common factor of d and 17.
17
Let g(v) = 9*v**2 - 4*v - 274. Let p be g(-6). What is the highest common factor of p and 4514?
74
Suppose -38743 = -5*p - 4*v - 6938, 0 = -3*p - 3*v + 19080. What is the greatest common factor of p and 95?
95
Let f = 1974 - 1897. What is the greatest common factor of 4389 and f?
77
Let v(r) = -r**2 + 3*r + 1710. Let u be v(-34). Calculate the greatest common divisor of 16 and u.
4
Let t(w) = -3 + 8617*w + 4*w**3 + 0 - 8617*w. Let v be t(3). What is the greatest common factor of 35 and v?
35
Suppose -4*d - 1852 + 2584 = 0. What is the greatest common divisor of d and 2440?
61
Let r = 4109 + -2204. What is the greatest common factor of 15 and r?
15
Let u = 225 + -38. Suppose -5*g = -5*r + 110, 0 = -4*g + 2*g - 10. Calculate the highest common divisor of r and u.
17
Let t(o) be the second derivative of 2*o**4/3 + 23*o**3/6 + 3*o**2 - 11*o + 1. Let u be t(-3). Calculate the highest common divisor of u and 21.
3
Let v(p) = -p**3 - 11*p**2 - 8*p + 2. Let u be v(-12). Suppose 3*b - 4*d = 248, -3*d + 15 = 3. Calculate the highest common factor of u and b.
22
Let s be 20 + -15 + 262*3/6. Suppose -3*i + s = 13. What is the highest common factor of i and 1640?
41
Let h(y) = 78*y**3 - 16*y**2 + 44*y. Let s be h(2). Calculate the greatest common divisor of 552 and s.
24
Let p(q) = -2 + 4*q**2 - q**3 - 6 - 5*q - 1 + 11. Let z be p(-4). Suppose -3*c + s + 85 = 12, 5*c + 4*s = z. Calculate the highest common divisor of c and 182.
26
Let l = -93 - -101. Suppose -l*j - 5*j = -52. Suppose 0 = 3*i - d - 13 - 13, j*d + 48 = 4*i. What is the highest common factor of 56 and i?
7
Suppose 0 = -4*a - 3*c + 2971 + 638, -4*c = 2*a - 1802. What is the highest common divisor of a and 651?
21
Let u = -377 - -381. Suppose 4*o + o - u*v - 152 = 0, 0 = -2*o - 5*v + 41. Calculate the greatest common divisor of 12 and o.
4
Let y be 14/(-35) - (-72)/30. Suppose -c = 3*c - 3*v + 190, 0 = 3*c + 3*v + 153. Let q be c/(-3) + 1/(-3). What is the greatest common factor of y and q?
2
Let h = -26 + 25. Let x be (-3 + 25/10)*52/h. What is the greatest common factor of x and 260?
26
Suppose -42*r + 23620 - 8626 = 0. What is the greatest common divisor of 21 and r?
21
Let g be 415 + -349 - (4 + -1 - 0). What is the greatest common factor of g and 16380?
63
Suppose 1347 - 215 + 463 = 29*q. Suppose 0*f - 2*f = -10. Suppose 3*i - 6 = 5*i, 16 = f*h + 3*i. What is the highest common factor of h and q?
5
Suppose 9*x - 8*x = -2*u, 5*u = -x - 6. Suppose -2*f + 2*d + 256 = 0, 3*f + 2*f + x*d - 658 = 0. Calculate the highest common factor of f and 30.
10
Let w be 240 - ((-403)/(-1209) + ((-2)/6)/1). Let n be 3/(-12) - (-242)/8. What is the highest common divisor of w and n?
30
Suppose -5*k + 53 = -4*z, 5*z + 0*z - 3*k + 76 = 0. Let c(b) = -3*b + 14. Let j be c(z). What is the greatest common divisor of 39 and j?
13
Let n(v) = -v**2 + 8*v + 18. Let w be n(8). Let b(x) = 36*x - 33*x - w - 6. Let y be b(12). What is the highest common divisor of 24 and y?
12
Suppose 288 = -4*p + 6*g - 2*g, 4*g - 150 = 2*p. Let s be (-88)/(-132)*p/(-2). What is the highest common divisor of 23 and s?
23
Let h(c) = -10*c + 90. Let w be ((-12)/9)/(3 - (-57)/(-18)). Let x be h(w). What is the greatest common factor of 20 and x?
10
Let v(m) = 7138*m - 376. Let n be v(1). What is the highest common factor of 6 and n?
6
Let t be (-385)/(-6) + (-12)/72. Let 